{"id":47989,"date":"2025-12-24T12:15:38","date_gmt":"2025-12-24T09:15:38","guid":{"rendered":"https:\/\/stokcivata.com\/?post_type=product&#038;p=47989"},"modified":"2026-04-18T18:02:53","modified_gmt":"2026-04-18T15:02:53","slug":"kelebek-pirinc-somun-din-315","status":"publish","type":"product","link":"https:\/\/stokcivata.com\/?product=kelebek-pirinc-somun-din-315","title":{"rendered":"Kelebek Pirin\u00e7 Somun DIN 315"},"content":{"rendered":"<p data-start=\"417\" data-end=\"639\"><strong data-start=\"417\" data-end=\"428\">DIN 315<\/strong> standard\u0131na uygun olarak \u00fcretilen bu kelebek somun, pirin\u00e7 ala\u015f\u0131mdan imal edilmi\u015ftir. Kelebek formundaki kulaklar\u0131 sayesinde anahtar veya \u00f6zel bir el aleti gerektirmeden elle kolayca s\u0131k\u0131labilir ve s\u00f6k\u00fclebilir.<\/p>\n<p data-start=\"641\" data-end=\"970\">Pirin\u00e7 malzemenin korozyon direnci ve manyetik olmamas\u0131, bu \u00fcr\u00fcn\u00fc elektrik\u2013elektronik uygulamalar, dekoratif montajlar, hobi \u00e7al\u0131\u015fmalar\u0131 ve s\u0131k s\u00f6k\u00fcl\u00fcp tak\u0131lan ba\u011flant\u0131lar i\u00e7in uygun hale getirir. D\u00fc\u015f\u00fck ve orta seviyede mekanik y\u00fck gerektiren uygulamalarda tercih edilir. Y\u00fcksek s\u0131kma torku gerektiren ba\u011flant\u0131lar i\u00e7in \u00f6nerilmez.<\/p>\n","protected":false},"excerpt":{"rendered":"<p>Pirin\u00e7 malzemeden imal edilen bu kelebek somun; alet kullanmadan elle s\u0131kma ve s\u00f6kme imk\u00e2n\u0131 sunarak pratik ve h\u0131zl\u0131 montaj gerektiren uygulamalarda tercih edilir.<\/p>\n","protected":false},"featured_media":47985,"template":"","meta":[],"product_brand":[],"product_cat":[2113],"product_tag":[],"class_list":{"0":"post-47989","1":"product","2":"type-product","3":"status-publish","4":"has-post-thumbnail","6":"product_cat-pirinc-baglanti-elemanlari","8":"first","9":"instock","10":"shipping-taxable","11":"purchasable","12":"product-type-variable"},"_links":{"self":[{"href":"https:\/\/stokcivata.com\/index.php?rest_route=\/wp\/v2\/product\/47989","targetHints":{"allow":["GET"]}}],"collection":[{"href":"https:\/\/stokcivata.com\/index.php?rest_route=\/wp\/v2\/product"}],"about":[{"href":"https:\/\/stokcivata.com\/index.php?rest_route=\/wp\/v2\/types\/product"}],"wp:featuredmedia":[{"embeddable":true,"href":"https:\/\/stokcivata.com\/index.php?rest_route=\/wp\/v2\/media\/47985"}],"wp:attachment":[{"href":"https:\/\/stokcivata.com\/index.php?rest_route=%2Fwp%2Fv2%2Fmedia&parent=47989"}],"wp:term":[{"taxonomy":"product_brand","embeddable":true,"href":"https:\/\/stokcivata.com\/index.php?rest_route=%2Fwp%2Fv2%2Fproduct_brand&post=47989"},{"taxonomy":"product_cat","embeddable":true,"href":"https:\/\/stokcivata.com\/index.php?rest_route=%2Fwp%2Fv2%2Fproduct_cat&post=47989"},{"taxonomy":"product_tag","embeddable":true,"href":"https:\/\/stokcivata.com\/index.php?rest_route=%2Fwp%2Fv2%2Fproduct_tag&post=47989"}],"curies":[{"name":"wp","href":"https:\/\/api.w.org\/{rel}","templated":true}]}}