{"id":47991,"date":"2025-12-24T12:24:59","date_gmt":"2025-12-24T09:24:59","guid":{"rendered":"https:\/\/stokcivata.com\/?post_type=product&#038;p=47991"},"modified":"2026-04-18T18:03:17","modified_gmt":"2026-04-18T15:03:17","slug":"pirinc-saplama-disli-mil-din-975","status":"publish","type":"product","link":"https:\/\/stokcivata.com\/?product=pirinc-saplama-disli-mil-din-975","title":{"rendered":"Pirin\u00e7 Saplama (Di\u015fli Mil) DIN 975"},"content":{"rendered":"<p data-start=\"438\" data-end=\"730\"><strong data-start=\"438\" data-end=\"449\">DIN 975<\/strong> standard\u0131na uygun olarak \u00fcretilen bu pirin\u00e7 saplama (di\u015fli mil), boydan boya di\u015fli yap\u0131s\u0131 sayesinde farkl\u0131 uzunluklarda ve ayarlanabilir ba\u011flant\u0131 \u00e7\u00f6z\u00fcmleri sunar. \u0130ki somun ile birlikte kullan\u0131larak par\u00e7alar\u0131n kar\u015f\u0131l\u0131kl\u0131 s\u0131k\u0131lmas\u0131 veya mesafe ayarl\u0131 montajlar yap\u0131lmas\u0131 m\u00fcmk\u00fcnd\u00fcr.<\/p>\n<p data-start=\"732\" data-end=\"1070\">Pirin\u00e7 malzemenin do\u011fal korozyon direnci ve manyetik olmamas\u0131, bu \u00fcr\u00fcn\u00fc nemli ortamlar, elektrik\u2013elektronik uygulamalar ve i\u00e7 mek\u00e2n montajlar\u0131 i\u00e7in uygun hale getirir. Dekoratif uygulamalarda da tercih edilir. D\u00fc\u015f\u00fck ve orta seviyede mekanik y\u00fck gerektiren ba\u011flant\u0131lar i\u00e7in uygundur; y\u00fcksek mukavemet gerektiren uygulamalar i\u00e7in \u00f6nerilmez.<\/p>\n","protected":false},"excerpt":{"rendered":"<p>Pirin\u00e7 malzemeden imal edilen bu saplama (di\u015fli mil); iki somunla birlikte kullan\u0131larak sabit ve ayarlanabilir ba\u011flant\u0131lar olu\u015fturmak i\u00e7in tercih edilir.<\/p>\n","protected":false},"featured_media":47992,"template":"","meta":[],"product_brand":[],"product_cat":[2113],"product_tag":[],"class_list":{"0":"post-47991","1":"product","2":"type-product","3":"status-publish","4":"has-post-thumbnail","6":"product_cat-pirinc-baglanti-elemanlari","8":"first","9":"instock","10":"shipping-taxable","11":"purchasable","12":"product-type-variable"},"_links":{"self":[{"href":"https:\/\/stokcivata.com\/index.php?rest_route=\/wp\/v2\/product\/47991","targetHints":{"allow":["GET"]}}],"collection":[{"href":"https:\/\/stokcivata.com\/index.php?rest_route=\/wp\/v2\/product"}],"about":[{"href":"https:\/\/stokcivata.com\/index.php?rest_route=\/wp\/v2\/types\/product"}],"wp:featuredmedia":[{"embeddable":true,"href":"https:\/\/stokcivata.com\/index.php?rest_route=\/wp\/v2\/media\/47992"}],"wp:attachment":[{"href":"https:\/\/stokcivata.com\/index.php?rest_route=%2Fwp%2Fv2%2Fmedia&parent=47991"}],"wp:term":[{"taxonomy":"product_brand","embeddable":true,"href":"https:\/\/stokcivata.com\/index.php?rest_route=%2Fwp%2Fv2%2Fproduct_brand&post=47991"},{"taxonomy":"product_cat","embeddable":true,"href":"https:\/\/stokcivata.com\/index.php?rest_route=%2Fwp%2Fv2%2Fproduct_cat&post=47991"},{"taxonomy":"product_tag","embeddable":true,"href":"https:\/\/stokcivata.com\/index.php?rest_route=%2Fwp%2Fv2%2Fproduct_tag&post=47991"}],"curies":[{"name":"wp","href":"https:\/\/api.w.org\/{rel}","templated":true}]}}